f(y) be the third derivative of 0 - 1/4*y**4 - 1/6*y**3 + 0*y + 5*y**2. Suppose 4 = -5*u + 9. Determine f(u).
-7
Suppose 5*a + 563 = 533. Let j(t) = -t**3 + t + 1. Let l(s) = 3*s**3 - 7*s**2 - 10*s - 4. Let q(y) = 4*j(y) + l(y). What is q(a)?
0
Suppose -5*g + 45 = 4*g. Let u(j) = 6 + 10*j + 4*j**3 - 16*j + g*j**2 - 3*j**3. Calculate u(-6).
6
Let h(n) = -n**3 + 2 - 123*n**2 - 3 + 125*n**2 - 2*n. Give h(2).
-5
Let b(n) = -2*n + 1. Suppose 4*h = 8*h - 48. Let r = h + -6. Suppose 0 = -3*y - r. Calculate b(y).
5
Let b(s) be the first derivative of -3*s**2/2 - s + 2. Let h be ((-101)/202)/((-3)/6). What is b(h)?
-4
Let c(z) be the third derivative of -11*z**7/5040 - 37*z**5/60 - 17*z**2. Let q(j) be the third derivative of c(j). Give q(1).
-11
Let o(w) be the third derivative of 7*w**6/720 - w**5/60 - w**4/6 - w**2. Let n(y) be the second derivative of o(y). Give n(2).
12
Suppose 12 = 3*g - 0. Let v be (5 - (7 + -4)) + g. Let u(h) = 3*h - 1 + 8*h**3 - 6*h**2 - 7*h**3 - 4*h. Give u(v).
-7
Let k(s) = -53*s - 26. Let c(b) = 18*b + 9. Let u(g) = 8*c(g) + 3*k(g). What is u(-4)?
54
Suppose -3*x = -5*z - 26, -5*z - 24 = -x - 2. Let k(j) = -5*j + 3. Let n = -265 - -256. Let t(i) = 11*i - 7. Let f(h) = n*k(h) + z*t(h). Give f(-6).
-5
Let p(t) = 5*t**3 - 10*t**2 - 5*t + 2. Let v(d) = 4*d**3 - 9*d**2 - 4*d + 3. Let f(w) = 3*p(w) - 4*v(w). Calculate f(6).
0
Let r(u) = u**3 - 4*u + 5. Let l be r(2). Let q(c) = -8 + 2 + 4*c + 0 + l. Give q(-3).
-13
Let j(p) = -3*p**2 + 33*p - 91. Let g be j(5). Let q(w) = 6*w + 11. Calculate q(g).
5
Let r(y) = -y + 8. Let i be r(8). Suppose 3*z - q - 4 = 0, i = 4*z - z + 4*q - 14. Let o be (-3 + z)*-1 - 1. Let p(m) = -m - 8. What is p(o)?
-8
Suppose 2*n = -10*n - 84. Let f(k) = -k - 13. What is f(n)?
-6
Suppose 8 = a + 4. Suppose -13 = l + l + d, -4*d - 32 = a*l. Let x(i) = -6 + 0*i**2 - 2*i - 5*i**2 - 4*i + 4*i**2. Calculate x(l).
-1
Let i(m) = 3*m**3 - m**2 - 5*m + 5. Let k(u) = u**3 - u**2 - 2*u + 2. Let x = -22 + 30. Let w be ((-4)/x*-4)/(-1). Let q(d) = w*i(d) + 5*k(d). Calculate q(-3).
0
Let c(p) = -2*p + 12. Let f(m) = -18*m + 104. Let j(n) = -52*c(n) + 6*f(n). What is j(-1)?
4
Suppose -5*y + 3*t = -3 + 50, 5 = -5*t. Let g(s) = -s**3 - 10*s**2 + 10. What is g(y)?
10
Let f(z) = -4*z**2 - z - 3 + 6*z - 2*z. Let b be ((-17)/(-51))/((-1)/6) - -4. Give f(b).
-13
Suppose -5 = 2*b - 5*s, 4 = -b - 0*s + 4*s. Suppose c + b - 7 = 0. Let v(r) = 100 - r + 2*r**2 - 100 + c*r**3. Calculate v(1).
8
Let u(i) = -2*i**2 + 3 + 8*i + 0*i**2 + 3*i**2 + 2. Let v(w) = 0*w - 1 + w + 2. Let r be v(-7). Determine u(r).
-7
Let r(a) = -a**3 + 7*a**2 + a - 4. Suppose 0 = 18*q - 16*q + 42. Let j be (-51)/(-7) - (-6)/q. What is r(j)?
3
Let l(m) = -m**3 + 2*m**2 + 2*m - 1. Let n(k) = 7*k - 198. Let w be n(28). What is l(w)?
11
Let g(l) = 3 + l**3 + l**2 + 6*l**2 - 1 - 6*l - 2*l**3. Let u be g(6). Let b(z) = -2*z**2 - 2*z**2 - z + 5*z**u - 2*z**2 - 2. Calculate b(-2).
-4
Let j(t) be the second derivative of -7*t**3/6 + t**2/2 - 3*t - 11. Let v be -2 - (3 + -7)/4. Determine j(v).
8
Let u(q) = -q**3 + 4*q**2 - 8*q + 3. Let b(t) = t**3 - 4*t**2 + 7*t - 2. Let a(y) = -5*b(y) - 4*u(y). Let k = 9 + 3. Let s = -9 + k. What is a(s)?
-2
Let v(n) = 3*n - 25. Let t be ((-57)/6 - -10)*20. What is v(t)?
5
Let j = -3 + -3. Let n(i) = -13*i**2 - 32*i - 8. Let q(x) = -3*x**2 - 8*x - 2. Let h(a) = 2*n(a) - 9*q(a). Determine h(j).
-10
Let i be ((-184)/28)/(2/(-14)). Let b(g) = 1 - 9*g - 45*g**2 - 8 + i*g**2. What is b(9)?
-7
Let x(y) = 1 + 9*y**2 + 1 + 0*y**3 + 7*y**3 - 6*y**3. What is x(-9)?
2
Suppose -3*s = 3*p + p - 18, -12 = -2*s + 3*p. Let l(f) = 8*f + f**2 + s + 0*f**2 - 13*f. Determine l(4).
2
Let n(o) = -o**3 - 36*o**2 + 2*o + 67. Let y be n(-36). Let m(j) = -j - 4. Determine m(y).
1
Let z(g) = -g**2 - 2*g - 4. Let h(s) = -4*s**2 + 2*s + 1. Let q be h(-1). Determine z(q).
-19
Let d(b) = -2*b + 3. Suppose 6*h = 2*h + 16. Suppose -h*r - 56 = -3*i, 4*i - 2*i = 5*r + 49. Suppose -2*f = -2*l + i, -3*l + 0*f - f = -2. Determine d(l).
-1
Let x(b) = b**3 - 4*b**2 - b + 2. Let o be 20/4 + -5 + 2. Suppose -p = -o + 14. Let g be (-4)/p*(9 - -3). Determine x(g).
-2
Let y(m) = -2*m**2 - 3*m**2 + 208*m - 5*m**3 + 4*m**3 - 213*m. Let q = -5 + 23. Let b be (-66)/q + 2/(-6). Give y(b).
4
Let p(g) = -2*g**2 - g. Let c(r) = -5*r**2 + 2*r. Let w(v) = -c(v) + 3*p(v). Let j(h) = 2*h + 3. Let q be j(-4). Give w(q).
0
Let j = -104 - -45. Let b = j + 63. Let p(i) = -2*i + 2 - i + 0. Calculate p(b).
-10
Suppose -5 = t - 2*c, t + 2*c - 6*c = 3. Let g = t - -6. Let f(m) = -m - 11. Give f(g).
-4
Let n(w) be the first derivative of -5*w**2/2 - w + 131. Give n(4).
-21
Let y(h) = -h + 1. Let s be y(2). Let w(k) = 10*k**2 - 7*k - 22. Let q(i) = 3*i**2 - 2*i - 6. Let o(r) = -11*q(r) + 3*w(r). What is o(s)?
-4
Let d = 12 - 15. Let i(z) = -5*z**3 + z**2 - 6*z - 4. Let g(a) = -4*a**3 - 5*a - 3. Suppose -13 = -4*k - 1. Let f(l) = k*i(l) - 4*g(l). Give f(d).
-6
Suppose -48 = -13*t - 3*t. Let h(r) = 5*r + 4. What is h(t)?
19
Let a(v) = 2*v + 2. Let b(d) be the second derivative of -d**3/3 + 3*d**2 - 7*d. Let p be (3/(-9))/((-2)/24). Let o be b(p). What is a(o)?
-2
Suppose 7*u - 78 + 15 = 0. Let i(q) = -q**2 - 5*q - 10. Let n(t) = -2*t**2 - 11*t - 20. Let j(l) = u*i(l) - 4*n(l). What is j(0)?
-10
Let u(g) = g - 2. Let v be u(0). Let o = -7 + v. Let t be 0*(2 + o/6). Let n(w) = -w**2 + 7. Calculate n(t).
7
Suppose v = f + f + 5, -f = 3*v - 1. Let d(b) be the third derivative of -7*b**4/24 - b**3/2 + 837*b**2. Calculate d(f).
11
Let n(t) = 9*t - 28. Let x(d) = -4*d + 14. Let w(r) = -2*n(r) - 5*x(r). Let c be w(10). Let z(u) = c*u**3 - 8*u**3 - 5 + 3*u**2 + 1 + 2. Give z(2).
-6
Let i(g) be the third derivative of -g**5/60 - g**4/8 + g**3/6 + 6*g**2. Let v(u) = 2*u**2 - 9 + 3 - u**2 - 7*u. Let j be v(8). What is i(j)?
-9
Let f(l) = l**3 - 2*l + 1. Let h be f(2). Let m(i) = -3*i**2 + 4*i**2 - 4*i - 31 - 30 + 55. What is m(h)?
-1
Suppose -q - 3*q + 16 = 0. Suppose v + k = -4*k - 5, 4*k = -8. Let b(y) = -v*y**2 + 6*y**3 - 3*y**3 + 5*y - 2*y**3 - 4. Give b(q).
0
Let z(n) = -4*n - n - 42 + 9 + 2*n. Let m(h) = 5*h + 50. Let g(y) = -5*m(y) - 8*z(y). Give g(7).
7
Suppose 0 = 8*m - 6*m. Suppose m = x + 59 - 57. Let n(b) = 7*b - 5. Let t(l) = 15*l - 11. Let w(y) = 13*n(y) - 6*t(y). Determine w(x).
-1
Let u(f) be the second derivative of -3/2*f**2 + 1/6*f**3 + 0 - f. Let a = 41 + -39. Give u(a).
-1
Let z(n) = 26*n - 47. Let m(u) = 5*u - 9. Let w(h) = -11*m(h) + 2*z(h). What is w(-6)?
23
Suppose 5*i - 94 = 11. Let z(a) = -5*a - i + 4*a + 2*a + 12. Suppose -24 = 3*x - 42. Determine z(x).
-3
Let z(m) = -3 + 1 + 773*m**2 - 771*m**2. Let n be (14/(-35))/(1/5). Give z(n).
6
Let h(v) = v**3 + 4. Suppose -18*d = -29*d. Give h(d).
4
Suppose -3*g - 5 = 2*r - r, 5*g = -5. Let n(j) = -j + 3. Let w(v) = 15*v - 11. Let s(z) = -4*n(z) - w(z). Determine s(r).
21
Let h be -7 + 8/(-16)*-18. Let a(p) = p**3 - 3*p**2 + p. Determine a(h).
-2
Let c(s) = -3*s**2 - 3*s - 4. Let v(f) = -f + 1. Let z(m) = -m**2 - 7*m + 6. Let i(k) = -6*v(k) + z(k). Let y(a) = -c(a) + 2*i(a). Let n = 5 - 8. What is y(n)?
10
Let l(w) = 2*w - 3. Let y be -1 + (1 - (-15)/3). Suppose 7 - y = u. What is l(u)?
1
Let b be (-8004)/966 - 4/(-14). Let c(i) = -i**2 - 8*i + 10. Calculate c(b).
10
Let p(b) = -5*b**2 - 20*b + 4. Let s(n) = -4*n**2 - 18*n + 5. Let w(q) = -5*p(q) + 6*s(q). Calculate w(7).
3
Let l(w) = -5*w + 11*w - 147 + 294 - 144 + 5*w. Suppose -5*y = -2*y + 6. Determine l(y).
-19
Suppose 9*y - 2*y - 546 = 0. Let u be 0 + y/(-24) - (-1)/4. Let g(r) = r**3 + 4*r**2 + 5*r + 2. Give g(u).
-4
Let g(n) = 3*n - 1. Suppose 2*h + 109 = -3*z - 3*h, 0 = -3*z + 5*h - 149. Let a = 45 + z. Calculate g(a).
5
Let o(a) = -12*a**2 - 1. Let c = 48 - 45. Suppose -c*s - 3 = -6*s. What is o(s)?
-13
Let u be (2 + 0)/(0 - 1). Let z(h) = -2*h**3 - 2*h**2 + 3*h + 3. What is z(u)?
5
Let n(i) be the second derivative of 7*i**3/6 + i**2 - 2*i + 6. Determine n(3).
23
Let m(w) = 2*w + 11. Let i be -3 + (-11)/(-11) + -7. What is m(i)?
-7
Suppose -25 = -5*s + 10. Let v(p) = -s + 21*p**2 - 9*p**2 - 11*p**2 + 6*p. Give v(-7).
0
Let k(b) = -8*b + 1. Let i(n) = -2*n + 1. Let o(q) = -3*i(q) + k(q). Let v be (12/10)/(6/15). Calculate o(v).
-8
Let g = 0 - -9. Let m be (-3 + g)*(-2)/(-4). Let s(